culate u(p).
8
Let t(n) be the first derivative of 6 - n**2 - 2*n + 4 - n. Calculate t(-3).
3
Let r(k) = -k**2 - 7*k - 5. Suppose -2*g + 5*g + 10 = -4*o, -4*g + 12 = -o. What is r(o)?
7
Let f(g) be the third derivative of -g**5/60 + g**4/8 + 2*g**3/3 - 23*g**2. Let l = 2 - -11. Let d = l + -8. Determine f(d).
-6
Let l(u) = -3*u - 8. Let y(v) = -v**3 - 8*v**2 - 13*v + 3. Let o be y(-5). Determine l(o).
13
Let j(d) = 8*d + 2 - 24*d + 13*d - d**3 + 2*d**2. Suppose -5*i + 2 = -4*c, -3*c - 1 - 3 = -5*i. Determine j(c).
-4
Let v(w) = -w**2 + w - 1. Let h be v(2). Let y(r) = 4*r**2 + 3. Let d(m) = -3*m**2 - 3. Let u(b) = 5*d(b) + 4*y(b). What is u(h)?
6
Let f(h) = -h**2 + 3*h - 3. Suppose c = -0*c + u - 5, -u = c - 1. Let o be (-10)/(-4) - (-1)/c. Calculate f(o).
-1
Let x(g) = -157*g + 161*g + 3 - 2. Calculate x(-3).
-11
Let g(w) = -6 + 3*w + 8 - 2*w - 9*w**2 - 1. Suppose -j - 2*j + 9 = d, -2*j + 5*d - 11 = 0. Let t be (j/1 - 2) + -1. What is g(t)?
-9
Let b(s) = -s**3 - 6*s**2 + 9*s + 8. Let u be b(-7). Let t be (3/u)/((-2)/(-16)). Let q = t + 7. Let y(k) = k**3 - k**2 - 3*k - 1. Calculate y(q).
8
Let i(v) be the second derivative of 2*v**3/3 + v**2/2 + 7*v. Calculate i(-1).
-3
Suppose -2*w + 3*i = w - 54, 102 = 4*w + 2*i. Let n = w + -17. Let d(z) = -2*z - 4. Give d(n).
-16
Let g(z) be the first derivative of z + 1 + 7/3*z**3 - z**2. Suppose 4*p = -3*u - 8 + 23, 2*u + 7 = 3*p. Calculate g(u).
6
Let h(j) be the second derivative of j**5/120 + j**4/24 - j**3/2 - 2*j. Let r(p) be the second derivative of h(p). What is r(-3)?
-2
Let m(q) be the second derivative of 4*q + 0 - 1/6*q**4 + 1/2*q**2 - 1/2*q**3. What is m(2)?
-13
Let x(c) = 5*c**2 - c + 1. Suppose 2*y = 7*y - 20. Suppose -6*r - 3*p = -2*r - 4, 16 = 5*r + p. Suppose 4*o - 5*o - 7 = r*s, y*s = -4*o - 4. Determine x(o).
5
Let l(f) = 0 - 6*f**2 - 7 - 7*f + 5*f**2. Determine l(-5).
3
Let u(v) = -2*v - 6. Suppose -5 = 3*y + 2*q + 20, 5*y + 39 = -2*q. Let n(o) = -o**2 - 7*o - 6. Let r be n(y). What is u(r)?
6
Let z(d) = 2*d**2 + 6*d. Let r be z(-2). Let v(l) = -l**2 + l + 1. Let c(f) = f**2. Let u(b) = 7*c(b) + 6*v(b). Give u(r).
-2
Let l(v) = -9*v**3 - 11*v**2 + 9*v + 11. Let d(m) = 5*m**3 + 6*m**2 - 5*m - 5. Let p(s) = -11*d(s) - 6*l(s). Calculate p(0).
-11
Let q(a) = 7*a**2 - 6*a + 8*a**3 - 4*a**3 - 7 - 5*a**3. Give q(6).
-7
Let z(n) = n**3 - 8*n**2 - 22*n + 18. Let v be z(10). Let a(f) = f**2 - f. What is a(v)?
6
Let u(a) = -a**3 - a**2 + 5*a + 2. Let m be (-2)/10 - 84/30. What is u(m)?
5
Let v(s) be the second derivative of 1/120*s**5 + s + 1/360*s**6 + 1/4*s**4 + 0*s**2 + 0 + 1/3*s**3. Let l(b) be the second derivative of v(b). Give l(0).
6
Let d be 65/20 - 3/12. Let r(b) be the first derivative of b + 0*b**2 - 11/3*b**d + 1. What is r(1)?
-10
Let p(a) = -4*a - 2*a + 7 + 0. Let x(v) = -11*v + 13. Let c(f) = 7*p(f) - 4*x(f). What is c(3)?
3
Let z(j) = j**2 + 3*j - 3. Let l(a) = -2*a**2 - 6*a + 6. Let c(w) = 2*l(w) + 5*z(w). What is c(2)?
7
Let r be (-1 - 2 - 1) + 1. Let f(m) = -m**3 - 3*m**2 + 3*m + 4. Determine f(r).
-5
Let u be (-4)/3*(-42)/(-4). Let l = -9 - u. Let p(n) = 9*n**2 - 8*n + 2. Let i(f) = -4*f**2 + 4*f - 1. Let d(v) = -7*i(v) - 3*p(v). What is d(l)?
6
Let j = 2 - -3. Let g(n) be the second derivative of -n**5/20 + n**4/2 - 5*n**3/6 + 2*n**2 + n. Calculate g(j).
4
Let s(w) = -13*w - 1. Suppose -2*m = 4*u - 4, 0 = -2*u - m + 3*m - 10. Give s(u).
12
Let o(k) = 2*k**2 + k. Let y be o(-1). Let p = y - -1. Let q(l) = -l**3 + 4*l**2 - l - 2. Give q(p).
4
Let m be 378/45 - (-4)/(-10). Suppose 4*r - m = 0, 0 = -3*a - r + 2 - 6. Let z(y) = 2*y**3 + 4*y**2 + 3*y + 2. Calculate z(a).
-4
Let d(a) = 4 - a**3 - 5*a**2 - 3 + 2*a**3 - 2*a + 1. Let k = 24 - 15. Let r be (-2)/(-4) - k/(-2). Give d(r).
-8
Suppose i + 16 = 3*i. Let o(u) = -u + i - u + u**3 - u - u**2 + 2*u. Let r = -2 + 2. Calculate o(r).
8
Let c(z) be the second derivative of -3/2*z**2 + 3*z + 1/2*z**3 + 0. Determine c(2).
3
Let i(d) = -16*d + 39*d - 5*d**2 + 2 - 3 + d**3 - 21*d. Calculate i(4).
-9
Let o(k) = 4 + 0*k**2 - k**2 + 5 + 2*k - 6*k. Let n(l) = -l**2 - 4*l + 10. Let u(y) = -2*n(y) + 3*o(y). What is u(-5)?
2
Let n(o) = o - 7. Let d = 17 + -12. Calculate n(d).
-2
Let m(x) = -9*x**2 + 13*x**2 - 5*x**2 + 2*x. What is m(5)?
-15
Let p(k) = -k**3 - k**2 - k - 5. Let x(h) = -5*h**3 - 6*h**2 - 5*h - 26. Let f(t) = 11*p(t) - 2*x(t). Determine f(0).
-3
Let t(w) be the third derivative of -w**5/60 + w**4/4 + w**3/2 + 5*w**2. Calculate t(7).
-4
Let u(n) = n**3 - 2*n**2 - n - 4. Let w be (3 + -9)/(6/3). Let z = w - -6. Calculate u(z).
2
Let f(y) be the third derivative of -y**7/840 - y**6/90 + y**5/30 - y**4/12 + y**3/3 - y**2. Let m(v) be the first derivative of f(v). What is m(-5)?
3
Let d = 53 + -54. Let f(r) = -r - 6. Let l(n) = 7. Let j(c) = -6*f(c) - 5*l(c). Calculate j(d).
-5
Suppose -4*b - 1 = 7. Let r(t) = 4*t**2 + t - 2. Calculate r(b).
12
Let w(p) = 8*p**2 + p - 1. Suppose 0 = 5*y - 5. What is w(y)?
8
Suppose -2*l + 25 = 3*l. Let f(d) be the third derivative of -1/24*d**4 + 0 + 3*d**2 + 1/60*d**l + 0*d - 1/6*d**3. Give f(3).
5
Let c(j) be the first derivative of 1/3*j**3 + 0*j**2 - 1/60*j**5 + 2 + 0*j**4 + 0*j. Let n(s) be the third derivative of c(s). What is n(-4)?
8
Let b(y) = 2*y - 1 - 3*y - y. Let n = -15 - -31. Suppose 6 = 3*o, 5*p - 5*o + 4 = -n. Determine b(p).
3
Let t(n) = -n**3 + 5*n**2 - 4*n - 1. Suppose 3*g + 41 = 17. Let d be (g/3)/(6/(-9)). Suppose 3*k - 15 = -5*y + 2*y, 2*k + d*y - 12 = 0. Give t(k).
-1
Let y(d) = -9 + 10 - 15*d + 11*d - 3*d**2 + d**3. Let u(j) = -5*j**2 - 1 - 7*j - 5 + 4*j**2. Let a be u(-5). Determine y(a).
1
Let d(y) = -17*y**2 + 2*y + 1. Let u(j) = j**2 + 3*j - 1. Let g be u(-3). Determine d(g).
-18
Let d(l) = l**3 - 3*l**2 - 2. Let x(u) = -3*u - 6. Let m be x(-5). Let v be (8/6)/(8/18). Suppose -5 = 3*o + 4*k - 14, 3*k + m = v*o. Determine d(o).
-2
Suppose 0 = l - q + 5, -2 = l - 2*q + 6. Let x(b) = 8*b**2 + 0*b + 3*b**2 - 3*b - 1 - 12*b**2. Give x(l).
1
Suppose -3*i - 8 = -20. Let b(h) = -4*h + 1. Let u(g) = 4*g - 1. Let m(f) = i*b(f) + 5*u(f). Calculate m(2).
7
Let y(v) = -v + 1. Suppose 0*s - 2*s = -5*k + 7, 0 = -3*k + 4*s - 7. Give y(k).
-2
Let k = -10 + 5. Let o(w) = -w**2 - 5*w - 3. Let a be o(k). Let i(v) be the third derivative of -v**5/60 - v**4/24 + v**3/3 + v**2. Determine i(a).
-4
Suppose -v = 3*v. Let x(i) = -i**3 - 2*i**2 - i. Let t(o) = 5*o**3 + 9*o**2 + 5*o. Let w(a) = -2*t(a) - 9*x(a). Give w(v).
0
Suppose 0 = n + 2*m - 6, 0 = -0*n - 5*n - 4*m + 54. Let u be (-4)/n - 4/(-14). Let s(c) = u - 6*c + 7 + c**2 - 1 + 2. Determine s(6).
8
Suppose 0 = -0*a - 3*a - 12, 5*q = -3*a - 2. Let d(n) be the third derivative of 1/6*n**4 + 0*n + 0 + 1/20*n**5 + 1/2*n**3 - q*n**2. Calculate d(-2).
7
Let g(f) = -f + 10. Let l(c) = 1. Let y(m) = -2*g(m) + 22*l(m). Determine y(-2).
-2
Let d(t) = -1093*t + 6 - t**3 - 5*t**2 + 5*t**2 + 1094*t + 0*t**2. Let h(i) = -i - 5. Let z be h(-5). Give d(z).
6
Let a(b) = b**2 + 3*b + 2. Let o be 2/(-5) + (-8)/(-20). Let h be -2*(2 - (0 + o)). Give a(h).
6
Let u be (3 + -1)*(-4 - 6). Let v = -2 - u. Let o be 4/v + (-7)/(-9). Let l(j) = -4*j**3 + 2*j**2 - 2*j + 1. Determine l(o).
-3
Let t(p) = -p**3 + 5*p**2 - 2*p + 6. Let s be -2*(2/10 - 270/100). Determine t(s).
-4
Let n(o) be the third derivative of 0*o + 1/20*o**5 + 9*o**2 - 1/6*o**3 + 0 + 1/120*o**6 - 1/4*o**4. What is n(-4)?
7
Suppose o + 4*o + 5 = 0. Let q(v) = -10*v**2 + 3*v - 2. Let h(p) = -30*p**2 + 8*p - 5. Let t(b) = -3*h(b) + 8*q(b). Calculate t(o).
9
Let q(b) be the first derivative of b**3/3 + 5*b**2/2 + 2*b - 2. Suppose 0 = s + s - 6. Let t = -8 + s. Determine q(t).
2
Let y(x) = x**2 + 8*x + 9. Let i be y(-7). Let j(s) = 5 - 2*s - i + 0*s. Let g = 9 + -4. Calculate j(g).
-7
Suppose 3*k = -4*c + 22, 5*c - 14 = -k + 8. Let b(r) = 4*r + 0*r - 5*r + c. Suppose 0 = 2*m - 3*m - 3. Determine b(m).
7
Suppose 0 = -g - 4, 2*g + 48 = 4*y - 0*g. Suppose v + v = -y. Let q(w) be the first derivative of -w**4/4 - 4*w**3/3 + 7*w**2/2 + 4*w - 1. Give q(v).
-6
Suppose -4*u = u - 15. Let s(h) = -3*h**3 + 0*h + 2*h + u + 3*h**2 + 6*h**3. Let i(m) = -m**3 + m**2 + 1. Let f(j) = -2*i(j) - s(j). Calculate f(-5).
5
Let n be (6 - 5)*(-3 + 0) + 8. Let w(o) = -o**3 + 5*o**2 - 5. What is w(n)?
-5
Let n be 7*1/2*2. L